{"id":380,"date":"2023-03-13T07:10:19","date_gmt":"2023-03-13T07:10:19","guid":{"rendered":"https:\/\/www.hmmp.com.hk\/hmmp_wp\/?page_id=380"},"modified":"2023-06-15T03:17:44","modified_gmt":"2023-06-15T03:17:44","slug":"lovereadinglovesharing_zh","status":"publish","type":"page","link":"https:\/\/www.hmmp.com.hk\/hmmp_wp\/community_zh\/lovereadinglovesharing_zh\/","title":{"rendered":"\u300c\u50b3 . \u95b1 . \u611b\u300d\u6350\u66f8\u5927\u884c\u52d5"},"content":{"rendered":"\t\t<div data-elementor-type=\"wp-page\" data-elementor-id=\"380\" class=\"elementor elementor-380\">\n\t\t\t\t\t\t<section class=\"elementor-section elementor-top-section elementor-element elementor-element-552ada6 elementor-section-boxed elementor-section-height-default elementor-section-height-default\" data-id=\"552ada6\" data-element_type=\"section\">\n\t\t\t\t\t\t<div class=\"elementor-container elementor-column-gap-default\">\n\t\t\t\t\t<div class=\"elementor-column elementor-col-100 elementor-top-column elementor-element elementor-element-3db1601\" data-id=\"3db1601\" data-element_type=\"column\">\n\t\t\t<div class=\"elementor-widget-wrap elementor-element-populated\">\n\t\t\t\t\t\t<div class=\"elementor-element elementor-element-5eec626 elementor-widget elementor-widget-shortcode\" data-id=\"5eec626\" data-element_type=\"widget\" data-widget_type=\"shortcode.default\">\n\t\t\t\t<div class=\"elementor-widget-container\">\n\t\t\t\t\t\t\t<div class=\"elementor-shortcode\"><style id=\"depicter-68-inline-pre-css\">\n\n.depicter-68:not(.depicter-ready){\n\twidth:1300px;\n\theight:825px;\n}\n\n\/***** Tablet *****\/\n@media screen and (max-width: 1024px){\n\n.depicter-68:not(.depicter-ready){\n\twidth:1024px;\n\theight:618px;\n}\n\n}\n\/***** Mobile *****\/\n@media screen and (max-width: 767px){\n\n.depicter-68:not(.depicter-ready){\n\twidth:360px;\n\theight:200px;\n}\n\n}\n<\/style>\n<div id=\"depicter-68\" class=\"depicter depicter-document depicter-revert depicter-68\">\n\n<div class=\"depicter-loading-container depicter-loading dotFlashing-dark\"><div class=\"depicter-loading-dark depicter-dot-flashing\">\n   <span><\/span>\n   <span><\/span>\n   <span><\/span>\n<\/div><\/div>\n\n<div class=\"depicter-overlay-layers\">\n<div id=\"depicter-68-element-13\" class=\"depicter-element depicter-layer depicter-68-element-13\" data-type=\"arrow\" data-wrap=\"true\" data-name=\"Arrow 1\" data-local-id=\"element-13\" data-offset=\"x:0px;y:0px;origin:ml\" data-tablet-offset=\"x:0px;y:0px;origin:ml\" data-mobile-offset=\"x:0px;y:85px;origin:tl\" data-actions=\"[['gotoSection','click',0,{'type':'previous','to':''}]]\" data-width=\"60px,60px,30px\" data-height=\"60px,60px,30px\" data-responsive-scale=\"true,,\">\n<svg width=\"8px\" height=\"14px\" viewBox=\"0 0 15.556 26.871\" style=\"position:relative;left:-1px\"><path id=\"arrow_10L\" d=\"M0,13.438H0L13.436,0l2.12,2.12L4.24,13.437,15.557,24.752l-2.121,2.12Z\" transform=\"translate(0 -0.001)\" \/><\/svg>\n<\/div>\n<div id=\"depicter-68-element-14\" class=\"depicter-element depicter-layer depicter-68-element-14\" data-type=\"arrow\" data-wrap=\"true\" data-name=\"Arrow 2\" data-local-id=\"element-14\" data-offset=\"x:0px;y:0px;origin:mr\" data-tablet-offset=\"x:0px;y:0px;origin:mr\" data-mobile-offset=\"x:330px;y:85px;origin:tl\" data-actions=\"[['gotoSection','click',0,{'type':'next','to':''}]]\" data-width=\"60px,60px,30px\" data-height=\"60px,60px,30px\" data-responsive-scale=\"true,,\">\n<svg width=\"8px\" height=\"14px\" viewBox=\"0 0 15.557 26.871\" style=\"position:relative;right:-1px\"><path id=\"arrow_10R\" d=\"M0,24.752,11.317,13.437,0,2.121,2.121,0,15.557,13.435h0l0,0L2.122,26.872Z\" transform=\"translate(-0.001 -0.001)\" \/><\/svg>\n<\/div>\n<\/div>\n\n<div id=\"depicter-68-section-1\" class=\"depicter-section depicter-68-section-1\" data-name=\"Slide 1\" data-local-id=\"section-1\">\n<picture id=\"depicter-68-element-15\" class=\"depicter-element depicter-layer depicter-68-element-15\" data-type=\"image\" data-wrap=\"true\" data-name=\"TDTC_Img1\" data-local-id=\"element-15\" data-offset=\"x:100px;y:0px;origin:tl\" data-tablet-offset=\"x:101px;y:0px;origin:tl\" data-mobile-offset=\"x:46px;y:0px;origin:tl\" data-width=\"1100.5573089701px,822.38px,267px\" data-height=\"825px,618.00375740994px,200px\" data-responsive-scale=\"true,,\" data-crop=\"false\">\n<source data-depicter-srcset=\"https:\/\/www.hmmp.com.hk\/hmmp_wp\/wp-content\/uploads\/2023\/06\/LRLS_1-267x200.jpg, https:\/\/www.hmmp.com.hk\/hmmp_wp\/wp-content\/uploads\/2023\/06\/LRLS_1-534x400.jpg 2x\" srcset=\"data:image\/gif;base64,R0lGODlhAQABAIAAAAAAAP\/\/\/yH5BAEAAAAALAAAAAABAAEAAAIBRAA7\" media=\"(max-width: 767px)\" \/>\n\n<source data-depicter-srcset=\"https:\/\/www.hmmp.com.hk\/hmmp_wp\/wp-content\/uploads\/2023\/06\/LRLS_1-822x618.jpg, https:\/\/www.hmmp.com.hk\/hmmp_wp\/wp-content\/uploads\/2023\/06\/LRLS_1-1644x1236.jpg 2x\" srcset=\"data:image\/gif;base64,R0lGODlhAQABAIAAAAAAAP\/\/\/yH5BAEAAAAALAAAAAABAAEAAAIBRAA7\" media=\"(max-width: 1024px)\" \/>\n\n<source data-depicter-srcset=\"https:\/\/www.hmmp.com.hk\/hmmp_wp\/wp-content\/uploads\/2023\/06\/LRLS_1.jpg, https:\/\/www.hmmp.com.hk\/hmmp_wp\/wp-content\/uploads\/2023\/06\/LRLS_1.jpg 2x\" srcset=\"data:image\/gif;base64,R0lGODlhAQABAIAAAAAAAP\/\/\/yH5BAEAAAAALAAAAAABAAEAAAIBRAA7\" media=\"(min-width: 1025px)\" \/>\n<img decoding=\"async\" src=\"data:image\/gif;base64,R0lGODlhAQABAIAAAAAAAP\/\/\/yH5BAEAAAAALAAAAAABAAEAAAIBRAA7\" data-depicter-src=\"https:\/\/www.hmmp.com.hk\/hmmp_wp\/wp-content\/uploads\/2023\/06\/LRLS_1.jpg\" alt=\"\" \/>\n<\/picture><\/div>\n\n<div id=\"depicter-68-section-71\" class=\"depicter-section depicter-68-section-71\" data-name=\"Slide 20\" data-local-id=\"section-71\">\n<picture id=\"depicter-68-element-72\" class=\"depicter-element depicter-layer depicter-68-element-72\" data-type=\"image\" data-wrap=\"true\" data-name=\"Image 20\" data-local-id=\"element-72\" data-offset=\"x:100px;y:0px;origin:tl\" data-tablet-offset=\"x:101px;y:0px;origin:tl\" data-mobile-offset=\"x:46px;y:0px;origin:tl\" data-width=\"1100.5573089701px,822.38px,266.99px\" data-height=\"825px,618.00375740994px,200.00337679174px\" data-responsive-scale=\"true,,\" data-crop=\"false\">\n<source data-depicter-srcset=\"https:\/\/www.hmmp.com.hk\/hmmp_wp\/wp-content\/uploads\/2023\/06\/LRLS_2.jpg, https:\/\/www.hmmp.com.hk\/hmmp_wp\/wp-content\/uploads\/2023\/06\/LRLS_2.jpg 2x\" srcset=\"data:image\/gif;base64,R0lGODlhAQABAIAAAAAAAP\/\/\/yH5BAEAAAAALAAAAAABAAEAAAIBRAA7\" media=\"(max-width: 767px)\" \/>\n\n<source data-depicter-srcset=\"https:\/\/www.hmmp.com.hk\/hmmp_wp\/wp-content\/uploads\/2023\/06\/LRLS_2-822x618.jpg, https:\/\/www.hmmp.com.hk\/hmmp_wp\/wp-content\/uploads\/2023\/06\/LRLS_2-1644x1236.jpg 2x\" srcset=\"data:image\/gif;base64,R0lGODlhAQABAIAAAAAAAP\/\/\/yH5BAEAAAAALAAAAAABAAEAAAIBRAA7\" media=\"(max-width: 1024px)\" \/>\n\n<source data-depicter-srcset=\"https:\/\/www.hmmp.com.hk\/hmmp_wp\/wp-content\/uploads\/2023\/06\/LRLS_2.jpg, https:\/\/www.hmmp.com.hk\/hmmp_wp\/wp-content\/uploads\/2023\/06\/LRLS_2.jpg 2x\" srcset=\"data:image\/gif;base64,R0lGODlhAQABAIAAAAAAAP\/\/\/yH5BAEAAAAALAAAAAABAAEAAAIBRAA7\" media=\"(min-width: 1025px)\" \/>\n<img decoding=\"async\" src=\"data:image\/gif;base64,R0lGODlhAQABAIAAAAAAAP\/\/\/yH5BAEAAAAALAAAAAABAAEAAAIBRAA7\" data-depicter-src=\"https:\/\/www.hmmp.com.hk\/hmmp_wp\/wp-content\/uploads\/2023\/06\/LRLS_2.jpg\" alt=\"\" \/>\n<\/picture><\/div>\n\n<div id=\"depicter-68-section-73\" class=\"depicter-section depicter-68-section-73\" data-name=\"Slide 21\" data-local-id=\"section-73\">\n<picture id=\"depicter-68-element-74\" class=\"depicter-element depicter-layer depicter-68-element-74\" data-type=\"image\" data-wrap=\"true\" data-name=\"Image 21\" data-local-id=\"element-74\" data-offset=\"x:100px;y:0px;origin:tl\" data-tablet-offset=\"x:101px;y:0px;origin:tl\" data-mobile-offset=\"x:46px;y:-1px;origin:tl\" data-width=\"1100.5573089701px,822.375px,267.24890829694px\" data-height=\"825px,618px,200px\" data-responsive-scale=\"true,,\" data-crop=\"false\">\n<source data-depicter-srcset=\"https:\/\/www.hmmp.com.hk\/hmmp_wp\/wp-content\/uploads\/2023\/06\/LRLS_3-267x200.jpg, https:\/\/www.hmmp.com.hk\/hmmp_wp\/wp-content\/uploads\/2023\/06\/LRLS_3-534x400.jpg 2x\" srcset=\"data:image\/gif;base64,R0lGODlhAQABAIAAAAAAAP\/\/\/yH5BAEAAAAALAAAAAABAAEAAAIBRAA7\" media=\"(max-width: 767px)\" \/>\n\n<source data-depicter-srcset=\"https:\/\/www.hmmp.com.hk\/hmmp_wp\/wp-content\/uploads\/2023\/06\/LRLS_3-822x618.jpg, https:\/\/www.hmmp.com.hk\/hmmp_wp\/wp-content\/uploads\/2023\/06\/LRLS_3-1644x1236.jpg 2x\" srcset=\"data:image\/gif;base64,R0lGODlhAQABAIAAAAAAAP\/\/\/yH5BAEAAAAALAAAAAABAAEAAAIBRAA7\" media=\"(max-width: 1024px)\" \/>\n\n<source data-depicter-srcset=\"https:\/\/www.hmmp.com.hk\/hmmp_wp\/wp-content\/uploads\/2023\/06\/LRLS_3.jpg, https:\/\/www.hmmp.com.hk\/hmmp_wp\/wp-content\/uploads\/2023\/06\/LRLS_3.jpg 2x\" srcset=\"data:image\/gif;base64,R0lGODlhAQABAIAAAAAAAP\/\/\/yH5BAEAAAAALAAAAAABAAEAAAIBRAA7\" media=\"(min-width: 1025px)\" \/>\n<img decoding=\"async\" src=\"data:image\/gif;base64,R0lGODlhAQABAIAAAAAAAP\/\/\/yH5BAEAAAAALAAAAAABAAEAAAIBRAA7\" data-depicter-src=\"https:\/\/www.hmmp.com.hk\/hmmp_wp\/wp-content\/uploads\/2023\/06\/LRLS_3.jpg\" alt=\"\" \/>\n<\/picture><\/div>\n\n<div id=\"depicter-68-section-75\" class=\"depicter-section depicter-68-section-75\" data-name=\"Slide 22\" data-local-id=\"section-75\">\n<picture id=\"depicter-68-element-76\" class=\"depicter-element depicter-layer depicter-68-element-76\" data-type=\"image\" data-wrap=\"true\" data-name=\"Image 22\" data-local-id=\"element-76\" data-offset=\"x:100px;y:0px;origin:tl\" data-tablet-offset=\"x:0px;y:0px;origin:mc\" data-mobile-offset=\"x:46px;y:0px;origin:tl\" data-width=\"1100.5573089701px,822.375px,266.984px\" data-height=\"825px,618px,200px\" data-responsive-scale=\"true,,\" data-crop=\"false\">\n<source data-depicter-srcset=\"https:\/\/www.hmmp.com.hk\/hmmp_wp\/wp-content\/uploads\/2023\/06\/LRLS_4.jpg, https:\/\/www.hmmp.com.hk\/hmmp_wp\/wp-content\/uploads\/2023\/06\/LRLS_4.jpg 2x\" srcset=\"data:image\/gif;base64,R0lGODlhAQABAIAAAAAAAP\/\/\/yH5BAEAAAAALAAAAAABAAEAAAIBRAA7\" media=\"(max-width: 767px)\" \/>\n\n<source data-depicter-srcset=\"https:\/\/www.hmmp.com.hk\/hmmp_wp\/wp-content\/uploads\/2023\/06\/LRLS_4-822x618.jpg, https:\/\/www.hmmp.com.hk\/hmmp_wp\/wp-content\/uploads\/2023\/06\/LRLS_4-1644x1236.jpg 2x\" srcset=\"data:image\/gif;base64,R0lGODlhAQABAIAAAAAAAP\/\/\/yH5BAEAAAAALAAAAAABAAEAAAIBRAA7\" media=\"(max-width: 1024px)\" \/>\n\n<source data-depicter-srcset=\"https:\/\/www.hmmp.com.hk\/hmmp_wp\/wp-content\/uploads\/2023\/06\/LRLS_4.jpg, https:\/\/www.hmmp.com.hk\/hmmp_wp\/wp-content\/uploads\/2023\/06\/LRLS_4.jpg 2x\" srcset=\"data:image\/gif;base64,R0lGODlhAQABAIAAAAAAAP\/\/\/yH5BAEAAAAALAAAAAABAAEAAAIBRAA7\" media=\"(min-width: 1025px)\" \/>\n<img decoding=\"async\" src=\"data:image\/gif;base64,R0lGODlhAQABAIAAAAAAAP\/\/\/yH5BAEAAAAALAAAAAABAAEAAAIBRAA7\" data-depicter-src=\"https:\/\/www.hmmp.com.hk\/hmmp_wp\/wp-content\/uploads\/2023\/06\/LRLS_4.jpg\" alt=\"\" \/>\n<\/picture><\/div>\n\n<div id=\"depicter-68-section-77\" class=\"depicter-section depicter-68-section-77\" data-name=\"Slide 23\" data-local-id=\"section-77\">\n<picture id=\"depicter-68-element-78\" class=\"depicter-element depicter-layer depicter-68-element-78\" data-type=\"image\" data-wrap=\"true\" data-name=\"Image 23\" data-local-id=\"element-78\" data-offset=\"x:100px;y:0px;origin:tl\" data-tablet-offset=\"x:0px;y:0px;origin:mc\" data-mobile-offset=\"x:46px;y:0px;origin:tl\" data-width=\"1100.5573089701px,822.375px,266.99029126214px\" data-height=\"825px,618px,200px\" data-responsive-scale=\"true,,\" data-crop=\"false\">\n<source data-depicter-srcset=\"https:\/\/www.hmmp.com.hk\/hmmp_wp\/wp-content\/uploads\/2023\/06\/LRLS_5.jpg, https:\/\/www.hmmp.com.hk\/hmmp_wp\/wp-content\/uploads\/2023\/06\/LRLS_5.jpg 2x\" srcset=\"data:image\/gif;base64,R0lGODlhAQABAIAAAAAAAP\/\/\/yH5BAEAAAAALAAAAAABAAEAAAIBRAA7\" media=\"(max-width: 767px)\" \/>\n\n<source data-depicter-srcset=\"https:\/\/www.hmmp.com.hk\/hmmp_wp\/wp-content\/uploads\/2023\/06\/LRLS_5-822x618.jpg, https:\/\/www.hmmp.com.hk\/hmmp_wp\/wp-content\/uploads\/2023\/06\/LRLS_5-1644x1236.jpg 2x\" srcset=\"data:image\/gif;base64,R0lGODlhAQABAIAAAAAAAP\/\/\/yH5BAEAAAAALAAAAAABAAEAAAIBRAA7\" media=\"(max-width: 1024px)\" \/>\n\n<source data-depicter-srcset=\"https:\/\/www.hmmp.com.hk\/hmmp_wp\/wp-content\/uploads\/2023\/06\/LRLS_5.jpg, https:\/\/www.hmmp.com.hk\/hmmp_wp\/wp-content\/uploads\/2023\/06\/LRLS_5.jpg 2x\" srcset=\"data:image\/gif;base64,R0lGODlhAQABAIAAAAAAAP\/\/\/yH5BAEAAAAALAAAAAABAAEAAAIBRAA7\" media=\"(min-width: 1025px)\" \/>\n<img decoding=\"async\" src=\"data:image\/gif;base64,R0lGODlhAQABAIAAAAAAAP\/\/\/yH5BAEAAAAALAAAAAABAAEAAAIBRAA7\" data-depicter-src=\"https:\/\/www.hmmp.com.hk\/hmmp_wp\/wp-content\/uploads\/2023\/06\/LRLS_5.jpg\" alt=\"\" \/>\n<\/picture><\/div>\n\n<div id=\"depicter-68-section-79\" class=\"depicter-section depicter-68-section-79\" data-name=\"Slide 24\" data-local-id=\"section-79\">\n<picture id=\"depicter-68-element-80\" class=\"depicter-element depicter-layer depicter-68-element-80\" data-type=\"image\" data-wrap=\"true\" data-name=\"Image 24\" data-local-id=\"element-80\" data-offset=\"x:100px;y:0px;origin:tl\" data-tablet-offset=\"x:101px;y:0px;origin:tl\" data-mobile-offset=\"x:46px;y:0px;origin:tl\" data-width=\"1100.5573089701px,822.375px,266.99029126214px\" data-height=\"825px,618px,200px\" data-responsive-scale=\"true,,\" data-crop=\"false\">\n<source data-depicter-srcset=\"https:\/\/www.hmmp.com.hk\/hmmp_wp\/wp-content\/uploads\/2023\/06\/LRLS_6.jpg, https:\/\/www.hmmp.com.hk\/hmmp_wp\/wp-content\/uploads\/2023\/06\/LRLS_6.jpg 2x\" srcset=\"data:image\/gif;base64,R0lGODlhAQABAIAAAAAAAP\/\/\/yH5BAEAAAAALAAAAAABAAEAAAIBRAA7\" media=\"(max-width: 767px)\" \/>\n\n<source data-depicter-srcset=\"https:\/\/www.hmmp.com.hk\/hmmp_wp\/wp-content\/uploads\/2023\/06\/LRLS_6-822x618.jpg, https:\/\/www.hmmp.com.hk\/hmmp_wp\/wp-content\/uploads\/2023\/06\/LRLS_6-1644x1236.jpg 2x\" srcset=\"data:image\/gif;base64,R0lGODlhAQABAIAAAAAAAP\/\/\/yH5BAEAAAAALAAAAAABAAEAAAIBRAA7\" media=\"(max-width: 1024px)\" \/>\n\n<source data-depicter-srcset=\"https:\/\/www.hmmp.com.hk\/hmmp_wp\/wp-content\/uploads\/2023\/06\/LRLS_6.jpg, https:\/\/www.hmmp.com.hk\/hmmp_wp\/wp-content\/uploads\/2023\/06\/LRLS_6.jpg 2x\" srcset=\"data:image\/gif;base64,R0lGODlhAQABAIAAAAAAAP\/\/\/yH5BAEAAAAALAAAAAABAAEAAAIBRAA7\" media=\"(min-width: 1025px)\" \/>\n<img decoding=\"async\" src=\"data:image\/gif;base64,R0lGODlhAQABAIAAAAAAAP\/\/\/yH5BAEAAAAALAAAAAABAAEAAAIBRAA7\" data-depicter-src=\"https:\/\/www.hmmp.com.hk\/hmmp_wp\/wp-content\/uploads\/2023\/06\/LRLS_6.jpg\" alt=\"\" \/>\n<\/picture><\/div>\n\n<div id=\"depicter-68-section-81\" class=\"depicter-section depicter-68-section-81\" data-name=\"Slide 25\" data-local-id=\"section-81\">\n<picture id=\"depicter-68-element-82\" class=\"depicter-element depicter-layer depicter-68-element-82\" data-type=\"image\" data-wrap=\"true\" data-name=\"Image 25\" data-local-id=\"element-82\" data-offset=\"x:100px;y:0px;origin:tl\" data-tablet-offset=\"x:101px;y:0px;origin:tl\" data-mobile-offset=\"x:47px;y:0px;origin:tl\" data-width=\"1100.5573089701px,822.375px,267.234px\" data-height=\"825px,618px,200px\" data-responsive-scale=\"true,,\" data-crop=\"false\">\n<source data-depicter-srcset=\"https:\/\/www.hmmp.com.hk\/hmmp_wp\/wp-content\/uploads\/2023\/06\/LRLS_7-267x200.jpg, https:\/\/www.hmmp.com.hk\/hmmp_wp\/wp-content\/uploads\/2023\/06\/LRLS_7-534x400.jpg 2x\" srcset=\"data:image\/gif;base64,R0lGODlhAQABAIAAAAAAAP\/\/\/yH5BAEAAAAALAAAAAABAAEAAAIBRAA7\" media=\"(max-width: 767px)\" \/>\n\n<source data-depicter-srcset=\"https:\/\/www.hmmp.com.hk\/hmmp_wp\/wp-content\/uploads\/2023\/06\/LRLS_7-822x618.jpg, https:\/\/www.hmmp.com.hk\/hmmp_wp\/wp-content\/uploads\/2023\/06\/LRLS_7-1644x1236.jpg 2x\" srcset=\"data:image\/gif;base64,R0lGODlhAQABAIAAAAAAAP\/\/\/yH5BAEAAAAALAAAAAABAAEAAAIBRAA7\" media=\"(max-width: 1024px)\" \/>\n\n<source data-depicter-srcset=\"https:\/\/www.hmmp.com.hk\/hmmp_wp\/wp-content\/uploads\/2023\/06\/LRLS_7.jpg, https:\/\/www.hmmp.com.hk\/hmmp_wp\/wp-content\/uploads\/2023\/06\/LRLS_7.jpg 2x\" srcset=\"data:image\/gif;base64,R0lGODlhAQABAIAAAAAAAP\/\/\/yH5BAEAAAAALAAAAAABAAEAAAIBRAA7\" media=\"(min-width: 1025px)\" \/>\n<img decoding=\"async\" src=\"data:image\/gif;base64,R0lGODlhAQABAIAAAAAAAP\/\/\/yH5BAEAAAAALAAAAAABAAEAAAIBRAA7\" data-depicter-src=\"https:\/\/www.hmmp.com.hk\/hmmp_wp\/wp-content\/uploads\/2023\/06\/LRLS_7.jpg\" alt=\"\" \/>\n<\/picture><\/div>\n\n<div id=\"depicter-68-section-83\" class=\"depicter-section depicter-68-section-83\" data-name=\"Slide 26\" data-local-id=\"section-83\">\n<picture id=\"depicter-68-element-84\" class=\"depicter-element depicter-layer depicter-68-element-84\" data-type=\"image\" data-wrap=\"true\" data-name=\"Image 26\" data-local-id=\"element-84\" data-offset=\"x:100px;y:0px;origin:tl\" data-tablet-offset=\"x:101px;y:0px;origin:tl\" data-mobile-offset=\"x:47px;y:0px;origin:tl\" data-width=\"1100.5573089701px,822.375px,266.66405867971px\" data-height=\"825px,618px,200px\" data-responsive-scale=\"true,,\" data-crop=\"false\">\n<source data-depicter-srcset=\"https:\/\/www.hmmp.com.hk\/hmmp_wp\/wp-content\/uploads\/2023\/06\/LRLS_8.jpg, https:\/\/www.hmmp.com.hk\/hmmp_wp\/wp-content\/uploads\/2023\/06\/LRLS_8.jpg 2x\" srcset=\"data:image\/gif;base64,R0lGODlhAQABAIAAAAAAAP\/\/\/yH5BAEAAAAALAAAAAABAAEAAAIBRAA7\" media=\"(max-width: 767px)\" \/>\n\n<source data-depicter-srcset=\"https:\/\/www.hmmp.com.hk\/hmmp_wp\/wp-content\/uploads\/2023\/06\/LRLS_8-822x618.jpg, https:\/\/www.hmmp.com.hk\/hmmp_wp\/wp-content\/uploads\/2023\/06\/LRLS_8-1644x1236.jpg 2x\" srcset=\"data:image\/gif;base64,R0lGODlhAQABAIAAAAAAAP\/\/\/yH5BAEAAAAALAAAAAABAAEAAAIBRAA7\" media=\"(max-width: 1024px)\" \/>\n\n<source data-depicter-srcset=\"https:\/\/www.hmmp.com.hk\/hmmp_wp\/wp-content\/uploads\/2023\/06\/LRLS_8.jpg, https:\/\/www.hmmp.com.hk\/hmmp_wp\/wp-content\/uploads\/2023\/06\/LRLS_8.jpg 2x\" srcset=\"data:image\/gif;base64,R0lGODlhAQABAIAAAAAAAP\/\/\/yH5BAEAAAAALAAAAAABAAEAAAIBRAA7\" media=\"(min-width: 1025px)\" \/>\n<img decoding=\"async\" src=\"data:image\/gif;base64,R0lGODlhAQABAIAAAAAAAP\/\/\/yH5BAEAAAAALAAAAAABAAEAAAIBRAA7\" data-depicter-src=\"https:\/\/www.hmmp.com.hk\/hmmp_wp\/wp-content\/uploads\/2023\/06\/LRLS_8.jpg\" alt=\"\" \/>\n<\/picture><\/div>\n<\/div>\n<script>\n(window.depicterSetups = window.depicterSetups || []).push(function(){\n\tDepicter.basePath = 'https:\/\/www.hmmp.com.hk\/hmmp_wp\/wp-content\/plugins\/depicter\/resources\/scripts\/player\/';\n\tconst dpPlayer = Depicter.setup('.depicter-68',\n\t\t{\"width\":[\"1300\",\"1024\",\"360\"],\"height\":[\"825\",\"618\",\"200\"],\"view\":\"basic\",\"keepAspectRatio\":true,\"preload\":0,\"layout\":\"boxed\",\"rtl\":false,\"initAfterAppear\":false,\"ajaxApiUrl\":\"https:\\\/\\\/www.hmmp.com.hk\\\/hmmp_wp\\\/wp-admin\\\/admin-ajax.php\",\"viewOptions\":{\"loop\":true},\"slideshow\":{\"autostart\":true},\"mouseSwipe\":true,\"touchSwipe\":true,\"useWatermark\":false}\n\t);\n});\n<\/script><\/div>\n\t\t\t\t\t\t<\/div>\n\t\t\t\t<\/div>\n\t\t\t\t\t<\/div>\n\t\t<\/div>\n\t\t\t\t\t<\/div>\n\t\t<\/section>\n\t\t\t\t<section class=\"elementor-section elementor-top-section elementor-element elementor-element-7bc4018 elementor-section-boxed elementor-section-height-default elementor-section-height-default\" data-id=\"7bc4018\" data-element_type=\"section\">\n\t\t\t\t\t\t<div class=\"elementor-container elementor-column-gap-default\">\n\t\t\t\t\t<div class=\"elementor-column elementor-col-100 elementor-top-column elementor-element elementor-element-9f10e80\" data-id=\"9f10e80\" data-element_type=\"column\">\n\t\t\t<div class=\"elementor-widget-wrap elementor-element-populated\">\n\t\t\t\t\t\t<div class=\"elementor-element elementor-element-208d2d8 elementor-widget elementor-widget-text-editor\" data-id=\"208d2d8\" data-element_type=\"widget\" data-widget_type=\"text-editor.default\">\n\t\t\t\t<div class=\"elementor-widget-container\">\n\t\t\t\t\t\t\t\t\t<p>\u5206\u4eab\u95b1\u8b80\u7684\u5feb\u6a02\u2014\u2014\u6350\u7ae5\u66f8\uff0c\u6539\u8b8a\u4e16\u754c\uff01<\/p>\n<p>\u6211\u5011\u76f8\u4fe1\u5206\u4eab\u548c\u56de\u994b\u793e\u5340\u7684\u529b\u91cf\u3002\u901a\u904e\u5411\u8ca7\u56f0\u5152\u7ae5\u6350\u8d08\u66f8\u7c4d\uff0c\u60a8\u4e0d\u50c5\u53ef\u4ee5\u5e6b\u52a9\u4ed6\u5011\u63d0\u9ad8\u8b58\u5b57\u80fd\u529b\uff0c\u9084\u53ef\u4ee5\u6559\u6703\u4ed6\u5011\u8207\u4ed6\u4eba\u5206\u4eab\u7684\u50f9\u503c\u3002<\/p>\n<p>\u6b64\u5916\uff0c\u5b83\u9084\u5e6b\u52a9\u5c07\u95b1\u8b80\u7684\u6a02\u8da3\u50b3\u64ad\u7d66\u6700\u9700\u8981\u7684\u4eba\u3002\u9019\u662f\u5b69\u5b50\u5011\u56de\u994b\u793e\u6703\u4e26\u70ba\u81ea\u5df1\u6539\u8b8a\u4ed6\u4eba\u751f\u6d3b\u800c\u611f\u5230\u81ea\u8c6a\u7684\u6a5f\u6703\u3002<\/p>\t\t\t\t\t\t\t\t<\/div>\n\t\t\t\t<\/div>\n\t\t\t\t\t<\/div>\n\t\t<\/div>\n\t\t\t\t\t<\/div>\n\t\t<\/section>\n\t\t\t\t<\/div>\n\t\t","protected":false},"excerpt":{"rendered":"<p>\u00e5\u02c6\u2020\u00e4\u00ba\u00ab\u00e9\u2013\u00b1\u00e8\u00ae\u20ac\u00e7\u0161\u201e\u00e5\u00bf\u00ab\u00e6\u00a8\u201a\u00e2\u20ac\u201d\u00e2\u20ac\u201d\u00e6\u008d\u0090\u00e7\u00ab\u00a5\u00e6\u203a\u00b8\u00ef\u00bc\u0152\u00e6\u201d\u00b9\u00e8\u00ae\u0160\u00e4\u00b8\u2013\u00e7\u2022\u0152\u00ef\u00bc\u0081 \u00e6\u02c6\u2018\u00e5\u20ac\u2018\u00e7\u203a\u00b8\u00e4\u00bf\u00a1\u00e5\u02c6\u2020\u00e4\u00ba\u00ab\u00e5\u2019\u0152\u00e5\u203a\u017e\u00e9\u00a5\u2039\u00e7\u00a4\u00be\u00e5\u008d\u20ac\u00e7\u0161\u201e\u00e5\u0160\u203a\u00e9\u2021\u008f\u00e3\u20ac\u201a\u00e9\u20ac\u0161\u00e9\u0081\u017d\u00e5\u0090\u2018\u00e8\u00b2\u00a7\u00e5\u203a\u00b0\u00e5\u2026\u2019\u00e7\u00ab\u00a5\u00e6\u008d\u0090\u00e8\u00b4\u02c6\u00e6\u203a\u00b8\u00e7\u00b1\u008d\u00ef\u00bc\u0152\u00e6\u201a\u00a8\u00e4\u00b8\u008d\u00e5\u0192\u2026\u00e5\u008f\u00af\u00e4\u00bb\u00a5\u00e5\u00b9\u00ab\u00e5\u0160\u00a9\u00e4\u00bb\u2013\u00e5\u20ac\u2018\u00e6\u008f\u0090\u00e9\u00ab\u02dc\u00e8\u00ad\u02dc\u00e5\u00ad\u2014\u00e8\u0192\u00bd\u00e5\u0160\u203a\u00ef\u00bc\u0152\u00e9\u201a\u201e\u00e5\u008f\u00af\u00e4\u00bb\u00a5\u00e6\u2022\u2122\u00e6\u0153\u0192\u00e4\u00bb\u2013\u00e5\u20ac\u2018\u00e8\u02c6\u2021\u00e4\u00bb\u2013\u00e4\u00ba\u00ba\u00e5\u02c6\u2020\u00e4\u00ba\u00ab\u00e7\u0161\u201e\u00e5\u0192\u00b9\u00e5\u20ac\u00bc\u00e3\u20ac\u201a \u00e6\u00ad\u00a4\u00e5\u00a4\u2013\u00ef\u00bc\u0152\u00e5\u00ae\u0192\u00e9\u201a\u201e\u00e5\u00b9\u00ab\u00e5\u0160\u00a9\u00e5\u00b0\u2021\u00e9\u2013\u00b1\u00e8\u00ae\u20ac\u00e7\u0161\u201e\u00e6\u00a8\u201a\u00e8\u00b6\u00a3\u00e5\u201a\u00b3\u00e6\u2019\u00ad\u00e7\u00b5\u00a6\u00e6\u0153\u20ac\u00e9\u0153\u20ac\u00e8\u00a6\u0081\u00e7\u0161\u201e\u00e4\u00ba\u00ba\u00e3\u20ac\u201a\u00e9\u20ac\u2122\u00e6\u02dc\u00af\u00e5\u00ad\u00a9\u00e5\u00ad\u0090\u00e5\u20ac\u2018\u00e5\u203a\u017e\u00e9\u00a5\u2039\u00e7\u00a4\u00be\u00e6\u0153\u0192\u00e4\u00b8\u00a6\u00e7\u201a\u00ba\u00e8\u2021\u00aa\u00e5\u00b7\u00b1\u00e6\u201d\u00b9\u00e8\u00ae\u0160\u00e4\u00bb\u2013\u00e4\u00ba\u00ba\u00e7\u201d\u0178\u00e6\u00b4\u00bb\u00e8\u20ac\u0152\u00e6\u201e\u0178\u00e5\u02c6\u00b0\u00e8\u2021\u00aa\u00e8\u00b1\u00aa\u00e7\u0161\u201e\u00e6\u00a9\u0178\u00e6\u0153\u0192\u00e3\u20ac\u201a<\/p>\n","protected":false},"author":1,"featured_media":0,"parent":256,"menu_order":0,"comment_status":"closed","ping_status":"closed","template":"","meta":{"ub_ctt_via":"","vkexunit_cta_each_option":"","footnotes":""},"class_list":["post-380","page","type-page","status-publish","hentry"],"featured_image_src":null,"_links":{"self":[{"href":"https:\/\/www.hmmp.com.hk\/hmmp_wp\/wp-json\/wp\/v2\/pages\/380","targetHints":{"allow":["GET"]}}],"collection":[{"href":"https:\/\/www.hmmp.com.hk\/hmmp_wp\/wp-json\/wp\/v2\/pages"}],"about":[{"href":"https:\/\/www.hmmp.com.hk\/hmmp_wp\/wp-json\/wp\/v2\/types\/page"}],"author":[{"embeddable":true,"href":"https:\/\/www.hmmp.com.hk\/hmmp_wp\/wp-json\/wp\/v2\/users\/1"}],"replies":[{"embeddable":true,"href":"https:\/\/www.hmmp.com.hk\/hmmp_wp\/wp-json\/wp\/v2\/comments?post=380"}],"version-history":[{"count":9,"href":"https:\/\/www.hmmp.com.hk\/hmmp_wp\/wp-json\/wp\/v2\/pages\/380\/revisions"}],"predecessor-version":[{"id":2403,"href":"https:\/\/www.hmmp.com.hk\/hmmp_wp\/wp-json\/wp\/v2\/pages\/380\/revisions\/2403"}],"up":[{"embeddable":true,"href":"https:\/\/www.hmmp.com.hk\/hmmp_wp\/wp-json\/wp\/v2\/pages\/256"}],"wp:attachment":[{"href":"https:\/\/www.hmmp.com.hk\/hmmp_wp\/wp-json\/wp\/v2\/media?parent=380"}],"curies":[{"name":"wp","href":"https:\/\/api.w.org\/{rel}","templated":true}]}}